{"id":9573,"date":"2019-09-26T14:52:01","date_gmt":"2019-09-26T20:52:01","guid":{"rendered":"https:\/\/www.comonfort.gob.mx\/sitio\/?page_id=9573"},"modified":"2026-04-20T14:03:45","modified_gmt":"2026-04-20T20:03:45","slug":"consulta-de-proyectos-normativos","status":"publish","type":"page","link":"https:\/\/www.comonfort.gob.mx\/sitio\/mejora-regulatoria\/consulta-de-proyectos-normativos\/","title":{"rendered":"Consulta de Proyectos Normativos"},"content":{"rendered":"<div id=\"fb-root\"><\/div>\n\t\t<div data-elementor-type=\"wp-page\" data-elementor-id=\"9573\" class=\"elementor elementor-9573\">\n\t\t\t\t\t\t<section class=\"elementor-section elementor-top-section elementor-element elementor-element-438f2ad9 elementor-section-boxed elementor-section-height-default elementor-section-height-default\" data-id=\"438f2ad9\" data-element_type=\"section\">\n\t\t\t\t\t\t<div class=\"elementor-container elementor-column-gap-default\">\n\t\t\t\t\t<div class=\"elementor-column elementor-col-100 elementor-top-column elementor-element elementor-element-6b11f670\" data-id=\"6b11f670\" data-element_type=\"column\">\n\t\t\t<div class=\"elementor-widget-wrap elementor-element-populated\">\n\t\t\t\t\t\t<div class=\"elementor-element elementor-element-586087b5 elementor-widget__width-initial elementor-widget elementor-widget-text-editor\" data-id=\"586087b5\" data-element_type=\"widget\" data-widget_type=\"text-editor.default\">\n\t\t\t\t<div class=\"elementor-widget-container\">\n\t\t\t\t\t\t\t\t\t<p><\/p>\n<p><style>\ninput[type=text], select, textarea {<br \/>  width: 100%;<br \/>  padding: 12px;<br \/>  border: 1px solid #ccc;<br \/>  border-radius: 4px;<br \/>  resize: vertical;<br \/>}<br \/>.texto{<br \/>    margin-left:8%;<br \/>    margin-right:8%;<br \/>    text-align:justify;<br \/>    line-height: 24px;<br \/>    margin-bottom: 15px;<br \/>    font-family: 'Lato', sans-serif;<br \/>    font-size: 16px;<br \/>}<\/p>\n<p>span.blue {<br \/>  background: #5178D0;<br \/>  border-radius: 60%;<br \/>  -moz-border-radius: 60%em;<br \/>  -webkit-border-radius: 60%em;<br \/>  color: #ffffff;<br \/>  display: inline-block;<br \/>  font-weight: bold;<br \/>  line-height: 1.6em;<br \/>  margin-right: 15px;<br \/>  text-align: center;<br \/>  width: 80%;<br \/>}<br \/>.contenedorr {<br \/>\twidth: 75%;<br \/>}<br \/>.titulo{<br \/>    margin-left:3%;<br \/>    margin-right:3%;<br \/>    text-align:justify;<br \/>    line-height: 24px;<br \/>    margin-bottom: 15px;<br \/>    font-family: Calibri;<br \/>    font-size: 18px;<br \/>}<br \/>table:not([class]):not([id]) {<br \/>    border-spacing: 0;<br \/>    border-collapse: collapse;<br \/>}<br \/>table {<br \/>    border-collapse: separate;<br \/>    border-spacing: 15px;<br \/>    width: 100%;<br \/>}<br \/>thead {background-color:#c0bdbc; color:#000;}<br \/>thead: th{<br \/>padding: 15px;<br \/>}<br \/>tr {<br \/>    display: table-row;<br \/>    vertical-align: inherit;<br \/>    border-color: inherit;<br \/>}<br \/>td {<br \/>    padding: 15px;<br \/>}<br \/>tr:nth-child(even){background-color: #f2f2f2}<br \/>\/*tbody tr:hover {<br \/>  background: #7fc143;<br \/>}*\/<br \/><\/style><\/p>\n<div align=\"center\">\n<h2><b>Consulta de Proyectos Normativos<\/b><\/h2>\n<\/div>\n<div class=\"texto\">\n<p>A continuaci\u00f3n, se da conocer los Proyectos Normativos, con la finalidad de informar al p\u00fablico de la Regulaci\u00f3n como lo marca la Ley General de Mejora Regulatoria en su art\u00edculo 71. <br \/>La siguiente documentaci\u00f3n estar\u00e1 publicada por un plazo m\u00ednimo de treinta d\u00edas naturales para su consulta.<\/p>\n<p>\u00a0<\/p>\n<table width=\"800\" align=\"center\">\n<thead>\n<tr>\n<th><center>NOMBRE DEL PROYECTO NORMATIVO<\/center><\/th>\n<th colspan=\"2\"><center>Fecha de publicaci\u00f3n<\/center><\/th>\n<\/tr>\n<\/thead>\n<tbody>\n<tr>\n<td align=\"center\"><a href=\"https:\/\/drive.google.com\/file\/d\/11NSeaIE1ohumelzzKCsptCltjbFbEwGL\/view?usp=drive_link\">Reglamento de Turismo<\/a><\/td>\n<td style=\"width: 25px;\" align=\"center\">20\/04\/2026<\/td>\n<\/tr>\n<\/tbody>\n<\/table>\n<div align=\"center\">\n<h2><b>Formulario de Proyectos Normativo<\/b><\/h2>\n<\/div>\n<p>El presente Formulario es exclusivo para la recepci\u00f3n de comentarios y sugerencias relacionadas con los Proyectos Normativos de la Mejora Regulatoria. <a href=\"https:\/\/drive.google.com\/file\/d\/1O80UDWVt2wC8WavidL8RrAYxpOSeyYuh\/view?usp=drive_link\" target=\"_blank\" rel=\"noopener noreferrer\">Consulta aqu\u00ed nuestro Aviso de Privacidad.<\/a><br \/>\n<div class=\"wpcf7 no-js\" id=\"wpcf7-f9576-o1\" lang=\"es-ES\" dir=\"ltr\">\n<div class=\"screen-reader-response\"><p role=\"status\" aria-live=\"polite\" aria-atomic=\"true\"><\/p> <ul><\/ul><\/div>\n<form action=\"\/sitio\/wp-json\/wp\/v2\/pages\/9573#wpcf7-f9576-o1\" method=\"post\" class=\"wpcf7-form init\" aria-label=\"Formulario de contacto\" novalidate=\"novalidate\" data-status=\"init\">\n<div style=\"display: none;\">\n<input type=\"hidden\" name=\"_wpcf7\" value=\"9576\" \/>\n<input type=\"hidden\" name=\"_wpcf7_version\" value=\"5.7.7\" \/>\n<input type=\"hidden\" name=\"_wpcf7_locale\" value=\"es_ES\" \/>\n<input type=\"hidden\" name=\"_wpcf7_unit_tag\" value=\"wpcf7-f9576-o1\" \/>\n<input type=\"hidden\" name=\"_wpcf7_container_post\" value=\"0\" \/>\n<input type=\"hidden\" name=\"_wpcf7_posted_data_hash\" value=\"\" \/>\n<input type=\"hidden\" name=\"_wpcf7_recaptcha_response\" value=\"\" \/>\n<\/div>\n<div class=\"custom-form\">\n\t<p><label> Selecciona la Normativa sobre la cual deseas opinar<br \/>\n<span class=\"wpcf7-form-control-wrap\" data-name=\"menu-regla\"><select class=\"wpcf7-form-control wpcf7-select wpcf7-validates-as-required form-select\" aria-required=\"true\" aria-invalid=\"false\" name=\"menu-regla\"><option value=\"\"><\/option><option value=\"Reglamento de Turismo\">Reglamento de Turismo<\/option><\/select><\/span><br \/>\n<\/label>\n\t<\/p>\n\t<p><label> Tu nombre (requerido)<br \/>\n<span class=\"wpcf7-form-control-wrap\" data-name=\"your-name\"><input size=\"40\" class=\"wpcf7-form-control wpcf7-text wpcf7-validates-as-required form-input\" aria-required=\"true\" aria-invalid=\"false\" value=\"\" type=\"text\" name=\"your-name\" \/><\/span><br \/>\n<\/label>\n\t<\/p>\n\t<p><label> Ocupaci\u00f3n (requerido)<br \/>\n<span class=\"wpcf7-form-control-wrap\" data-name=\"text-ocupacion\"><input size=\"40\" class=\"wpcf7-form-control wpcf7-text wpcf7-validates-as-required form-input\" aria-required=\"true\" aria-invalid=\"false\" value=\"\" type=\"text\" name=\"text-ocupacion\" \/><\/span><br \/>\n<\/label>\n\t<\/p>\n\t<p><label> Tu correo electr\u00f3nico (requerido)<br \/>\n<span class=\"wpcf7-form-control-wrap\" data-name=\"your-email\"><input size=\"40\" class=\"wpcf7-form-control wpcf7-text wpcf7-email wpcf7-validates-as-required wpcf7-validates-as-email form-input\" aria-required=\"true\" aria-invalid=\"false\" value=\"\" type=\"email\" name=\"your-email\" \/><\/span><br \/>\n<\/label>\n\t<\/p>\n\t<p><label> Motivo (requerido)<br \/>\n<span class=\"wpcf7-form-control-wrap\" data-name=\"menu-motivo\"><select class=\"wpcf7-form-control wpcf7-select wpcf7-validates-as-required form-select\" id=\"select-motivo\" aria-required=\"true\" aria-invalid=\"false\" name=\"menu-motivo\"><option value=\"Comentario\">Comentario<\/option><option value=\"Sugerencia\">Sugerencia<\/option><\/select><\/span><br \/>\n<\/label>\n\t<\/p>\n\t<p><label> Asunto (requerido)<br \/>\n<span class=\"wpcf7-form-control-wrap\" data-name=\"your-subject\"><input size=\"40\" class=\"wpcf7-form-control wpcf7-text wpcf7-validates-as-required form-input\" aria-required=\"true\" aria-invalid=\"false\" value=\"\" type=\"text\" name=\"your-subject\" \/><\/span><br \/>\n<\/label>\n\t<\/p>\n\t<p><label> Tu mensaje (requerido)<br \/>\n<span class=\"wpcf7-form-control-wrap\" data-name=\"your-message\"><textarea cols=\"40\" rows=\"10\" class=\"wpcf7-form-control wpcf7-textarea wpcf7-validates-as-required form-textarea\" aria-required=\"true\" aria-invalid=\"false\" name=\"your-message\"><\/textarea><\/span><br \/>\n<\/label>\n\t<\/p>\n\t<p><span class=\"wpcf7-form-control-wrap\" data-name=\"acceptance-97\"><span class=\"wpcf7-form-control wpcf7-acceptance\"><span class=\"wpcf7-list-item\"><label><input type=\"checkbox\" name=\"acceptance-97\" value=\"1\" aria-invalid=\"false\" \/><span class=\"wpcf7-list-item-label\">He le\u00eddo y acepto el <a href=\"https:\/\/drive.google.com\/file\/d\/1O80UDWVt2wC8WavidL8RrAYxpOSeyYuh\/view?usp=drive_link\" target=\"_blank\">aviso de privacidad.<\/a><\/span><\/label><\/span><\/span><\/span>\n\t<\/p>\n\t<p><input class=\"wpcf7-form-control has-spinner wpcf7-submit form-submit\" type=\"submit\" value=\"Enviar\" \/>\n\t<\/p>\n<\/div><p style=\"display: none !important;\" class=\"akismet-fields-container\" data-prefix=\"_wpcf7_ak_\"><label>&#916;<textarea name=\"_wpcf7_ak_hp_textarea\" cols=\"45\" rows=\"8\" maxlength=\"100\"><\/textarea><\/label><input type=\"hidden\" id=\"ak_js_1\" name=\"_wpcf7_ak_js\" value=\"204\"\/><script>document.getElementById( \"ak_js_1\" ).setAttribute( \"value\", ( new Date() ).getTime() );<\/script><\/p><div class=\"wpcf7-response-output\" aria-hidden=\"true\"><\/div>\n<\/form>\n<\/div>\n<\/p>\n<\/div>\n<p><\/p>\t\t\t\t\t\t\t\t<\/div>\n\t\t\t\t<\/div>\n\t\t\t\t\t<\/div>\n\t\t<\/div>\n\t\t\t\t\t<\/div>\n\t\t<\/section>\n\t\t\t\t<\/div>\n\t\t","protected":false},"excerpt":{"rendered":"<p>Consulta de Proyectos Normativos A continuaci\u00f3n, se da conocer los Proyectos Normativos, con la finalidad de informar al p\u00fablico de la Regulaci\u00f3n como lo marca la Ley General de Mejora Regulatoria en su art\u00edculo 71. La siguiente documentaci\u00f3n estar\u00e1 publicada por un plazo m\u00ednimo de treinta d\u00edas naturales para su consulta. \u00a0 NOMBRE DEL PROYECTO [&hellip;]<\/p>\n","protected":false},"author":1,"featured_media":0,"parent":7293,"menu_order":0,"comment_status":"closed","ping_status":"closed","template":"","meta":{"saved_in_kubio":true,"_eb_attr":"","footnotes":""},"kubio_ai_page_context":{"short_desc":"","purpose":"general"},"yoast_head":"<!-- This site is optimized with the Yoast SEO plugin v24.3 - https:\/\/yoast.com\/wordpress\/plugins\/seo\/ -->\n<title>Consulta de Proyectos Normativos -<\/title>\n<meta name=\"robots\" content=\"index, follow, max-snippet:-1, max-image-preview:large, max-video-preview:-1\" \/>\n<link rel=\"canonical\" href=\"https:\/\/www.comonfort.gob.mx\/sitio\/mejora-regulatoria\/consulta-de-proyectos-normativos\/\" \/>\n<meta property=\"og:locale\" content=\"es_ES\" \/>\n<meta property=\"og:type\" content=\"article\" \/>\n<meta property=\"og:title\" content=\"Consulta de Proyectos Normativos -\" \/>\n<meta property=\"og:description\" content=\"Consulta de Proyectos Normativos A continuaci\u00f3n, se da conocer los Proyectos Normativos, con la finalidad de informar al p\u00fablico de la Regulaci\u00f3n como lo marca la Ley General de Mejora Regulatoria en su art\u00edculo 71. La siguiente documentaci\u00f3n estar\u00e1 publicada por un plazo m\u00ednimo de treinta d\u00edas naturales para su consulta. \u00a0 NOMBRE DEL PROYECTO [&hellip;]\" \/>\n<meta property=\"og:url\" content=\"https:\/\/www.comonfort.gob.mx\/sitio\/mejora-regulatoria\/consulta-de-proyectos-normativos\/\" \/>\n<meta property=\"article:publisher\" content=\"https:\/\/www.facebook.com\/Gobierno-de-Comonfort-2018-2021-771384679654142\/\" \/>\n<meta property=\"article:modified_time\" content=\"2026-04-20T20:03:45+00:00\" \/>\n<meta name=\"twitter:card\" content=\"summary_large_image\" \/>\n<meta name=\"twitter:site\" content=\"@GobComonfort\" \/>\n<script type=\"application\/ld+json\" class=\"yoast-schema-graph\">{\"@context\":\"https:\/\/schema.org\",\"@graph\":[{\"@type\":\"WebPage\",\"@id\":\"https:\/\/www.comonfort.gob.mx\/sitio\/mejora-regulatoria\/consulta-de-proyectos-normativos\/\",\"url\":\"https:\/\/www.comonfort.gob.mx\/sitio\/mejora-regulatoria\/consulta-de-proyectos-normativos\/\",\"name\":\"Consulta de Proyectos Normativos -\",\"isPartOf\":{\"@id\":\"https:\/\/www.comonfort.gob.mx\/sitio\/#website\"},\"datePublished\":\"2019-09-26T20:52:01+00:00\",\"dateModified\":\"2026-04-20T20:03:45+00:00\",\"breadcrumb\":{\"@id\":\"https:\/\/www.comonfort.gob.mx\/sitio\/mejora-regulatoria\/consulta-de-proyectos-normativos\/#breadcrumb\"},\"inLanguage\":\"es\",\"potentialAction\":[{\"@type\":\"ReadAction\",\"target\":[\"https:\/\/www.comonfort.gob.mx\/sitio\/mejora-regulatoria\/consulta-de-proyectos-normativos\/\"]}]},{\"@type\":\"BreadcrumbList\",\"@id\":\"https:\/\/www.comonfort.gob.mx\/sitio\/mejora-regulatoria\/consulta-de-proyectos-normativos\/#breadcrumb\",\"itemListElement\":[{\"@type\":\"ListItem\",\"position\":1,\"name\":\"Portada\",\"item\":\"https:\/\/www.comonfort.gob.mx\/sitio\/\"},{\"@type\":\"ListItem\",\"position\":2,\"name\":\"Mejora Regulatoria\",\"item\":\"https:\/\/www.comonfort.gob.mx\/sitio\/mejora-regulatoria\/\"},{\"@type\":\"ListItem\",\"position\":3,\"name\":\"Consulta de Proyectos Normativos\"}]},{\"@type\":\"WebSite\",\"@id\":\"https:\/\/www.comonfort.gob.mx\/sitio\/#website\",\"url\":\"https:\/\/www.comonfort.gob.mx\/sitio\/\",\"name\":\"Presidencia Municipal de Comonfort, Gto.\",\"description\":\"\",\"publisher\":{\"@id\":\"https:\/\/www.comonfort.gob.mx\/sitio\/#organization\"},\"potentialAction\":[{\"@type\":\"SearchAction\",\"target\":{\"@type\":\"EntryPoint\",\"urlTemplate\":\"https:\/\/www.comonfort.gob.mx\/sitio\/?s={search_term_string}\"},\"query-input\":{\"@type\":\"PropertyValueSpecification\",\"valueRequired\":true,\"valueName\":\"search_term_string\"}}],\"inLanguage\":\"es\"},{\"@type\":\"Organization\",\"@id\":\"https:\/\/www.comonfort.gob.mx\/sitio\/#organization\",\"name\":\"Presidencia Municipal de Comonfort, Gto.\",\"url\":\"https:\/\/www.comonfort.gob.mx\/sitio\/\",\"logo\":{\"@type\":\"ImageObject\",\"inLanguage\":\"es\",\"@id\":\"https:\/\/www.comonfort.gob.mx\/sitio\/#\/schema\/logo\/image\/\",\"url\":\"https:\/\/www.comonfort.gob.mx\/sitio\/wp-content\/uploads\/2020\/11\/logo-comonfort-c.png\",\"contentUrl\":\"https:\/\/www.comonfort.gob.mx\/sitio\/wp-content\/uploads\/2020\/11\/logo-comonfort-c.png\",\"width\":326,\"height\":348,\"caption\":\"Presidencia Municipal de Comonfort, Gto.\"},\"image\":{\"@id\":\"https:\/\/www.comonfort.gob.mx\/sitio\/#\/schema\/logo\/image\/\"},\"sameAs\":[\"https:\/\/www.facebook.com\/Gobierno-de-Comonfort-2018-2021-771384679654142\/\",\"https:\/\/x.com\/GobComonfort\",\"https:\/\/www.instagram.com\/gobiernocomonfort_oficial\/\",\"https:\/\/www.linkedin.com\/in\/gobierno-de-comonfort-380b251aa\"]}]}<\/script>\n<!-- \/ Yoast SEO plugin. -->","yoast_head_json":{"title":"Consulta de Proyectos Normativos -","robots":{"index":"index","follow":"follow","max-snippet":"max-snippet:-1","max-image-preview":"max-image-preview:large","max-video-preview":"max-video-preview:-1"},"canonical":"https:\/\/www.comonfort.gob.mx\/sitio\/mejora-regulatoria\/consulta-de-proyectos-normativos\/","og_locale":"es_ES","og_type":"article","og_title":"Consulta de Proyectos Normativos -","og_description":"Consulta de Proyectos Normativos A continuaci\u00f3n, se da conocer los Proyectos Normativos, con la finalidad de informar al p\u00fablico de la Regulaci\u00f3n como lo marca la Ley General de Mejora Regulatoria en su art\u00edculo 71. La siguiente documentaci\u00f3n estar\u00e1 publicada por un plazo m\u00ednimo de treinta d\u00edas naturales para su consulta. \u00a0 NOMBRE DEL PROYECTO [&hellip;]","og_url":"https:\/\/www.comonfort.gob.mx\/sitio\/mejora-regulatoria\/consulta-de-proyectos-normativos\/","article_publisher":"https:\/\/www.facebook.com\/Gobierno-de-Comonfort-2018-2021-771384679654142\/","article_modified_time":"2026-04-20T20:03:45+00:00","twitter_card":"summary_large_image","twitter_site":"@GobComonfort","schema":{"@context":"https:\/\/schema.org","@graph":[{"@type":"WebPage","@id":"https:\/\/www.comonfort.gob.mx\/sitio\/mejora-regulatoria\/consulta-de-proyectos-normativos\/","url":"https:\/\/www.comonfort.gob.mx\/sitio\/mejora-regulatoria\/consulta-de-proyectos-normativos\/","name":"Consulta de Proyectos Normativos -","isPartOf":{"@id":"https:\/\/www.comonfort.gob.mx\/sitio\/#website"},"datePublished":"2019-09-26T20:52:01+00:00","dateModified":"2026-04-20T20:03:45+00:00","breadcrumb":{"@id":"https:\/\/www.comonfort.gob.mx\/sitio\/mejora-regulatoria\/consulta-de-proyectos-normativos\/#breadcrumb"},"inLanguage":"es","potentialAction":[{"@type":"ReadAction","target":["https:\/\/www.comonfort.gob.mx\/sitio\/mejora-regulatoria\/consulta-de-proyectos-normativos\/"]}]},{"@type":"BreadcrumbList","@id":"https:\/\/www.comonfort.gob.mx\/sitio\/mejora-regulatoria\/consulta-de-proyectos-normativos\/#breadcrumb","itemListElement":[{"@type":"ListItem","position":1,"name":"Portada","item":"https:\/\/www.comonfort.gob.mx\/sitio\/"},{"@type":"ListItem","position":2,"name":"Mejora Regulatoria","item":"https:\/\/www.comonfort.gob.mx\/sitio\/mejora-regulatoria\/"},{"@type":"ListItem","position":3,"name":"Consulta de Proyectos Normativos"}]},{"@type":"WebSite","@id":"https:\/\/www.comonfort.gob.mx\/sitio\/#website","url":"https:\/\/www.comonfort.gob.mx\/sitio\/","name":"Presidencia Municipal de Comonfort, Gto.","description":"","publisher":{"@id":"https:\/\/www.comonfort.gob.mx\/sitio\/#organization"},"potentialAction":[{"@type":"SearchAction","target":{"@type":"EntryPoint","urlTemplate":"https:\/\/www.comonfort.gob.mx\/sitio\/?s={search_term_string}"},"query-input":{"@type":"PropertyValueSpecification","valueRequired":true,"valueName":"search_term_string"}}],"inLanguage":"es"},{"@type":"Organization","@id":"https:\/\/www.comonfort.gob.mx\/sitio\/#organization","name":"Presidencia Municipal de Comonfort, Gto.","url":"https:\/\/www.comonfort.gob.mx\/sitio\/","logo":{"@type":"ImageObject","inLanguage":"es","@id":"https:\/\/www.comonfort.gob.mx\/sitio\/#\/schema\/logo\/image\/","url":"https:\/\/www.comonfort.gob.mx\/sitio\/wp-content\/uploads\/2020\/11\/logo-comonfort-c.png","contentUrl":"https:\/\/www.comonfort.gob.mx\/sitio\/wp-content\/uploads\/2020\/11\/logo-comonfort-c.png","width":326,"height":348,"caption":"Presidencia Municipal de Comonfort, Gto."},"image":{"@id":"https:\/\/www.comonfort.gob.mx\/sitio\/#\/schema\/logo\/image\/"},"sameAs":["https:\/\/www.facebook.com\/Gobierno-de-Comonfort-2018-2021-771384679654142\/","https:\/\/x.com\/GobComonfort","https:\/\/www.instagram.com\/gobiernocomonfort_oficial\/","https:\/\/www.linkedin.com\/in\/gobierno-de-comonfort-380b251aa"]}]}},"_links":{"self":[{"href":"https:\/\/www.comonfort.gob.mx\/sitio\/wp-json\/wp\/v2\/pages\/9573"}],"collection":[{"href":"https:\/\/www.comonfort.gob.mx\/sitio\/wp-json\/wp\/v2\/pages"}],"about":[{"href":"https:\/\/www.comonfort.gob.mx\/sitio\/wp-json\/wp\/v2\/types\/page"}],"author":[{"embeddable":true,"href":"https:\/\/www.comonfort.gob.mx\/sitio\/wp-json\/wp\/v2\/users\/1"}],"replies":[{"embeddable":true,"href":"https:\/\/www.comonfort.gob.mx\/sitio\/wp-json\/wp\/v2\/comments?post=9573"}],"version-history":[{"count":98,"href":"https:\/\/www.comonfort.gob.mx\/sitio\/wp-json\/wp\/v2\/pages\/9573\/revisions"}],"predecessor-version":[{"id":24846,"href":"https:\/\/www.comonfort.gob.mx\/sitio\/wp-json\/wp\/v2\/pages\/9573\/revisions\/24846"}],"up":[{"embeddable":true,"href":"https:\/\/www.comonfort.gob.mx\/sitio\/wp-json\/wp\/v2\/pages\/7293"}],"wp:attachment":[{"href":"https:\/\/www.comonfort.gob.mx\/sitio\/wp-json\/wp\/v2\/media?parent=9573"}],"curies":[{"name":"wp","href":"https:\/\/api.w.org\/{rel}","templated":true}]}}