{"id":337,"date":"2015-12-23T14:10:39","date_gmt":"2015-12-23T20:10:39","guid":{"rendered":"http:\/\/www.comonfort.gob.mx\/ppp\/?page_id=337"},"modified":"2025-08-26T14:18:41","modified_gmt":"2025-08-26T20:18:41","slug":"direccion-de-cultura","status":"publish","type":"page","link":"https:\/\/www.comonfort.gob.mx\/sitio\/direccion-de-cultura\/","title":{"rendered":"Direcci\u00f3n de Cultura y Tradiciones Populares"},"content":{"rendered":"<div id=\"fb-root\"><\/div>\n\t\t<div data-elementor-type=\"wp-page\" data-elementor-id=\"337\" class=\"elementor elementor-337\">\n\t\t\t\t\t\t<section class=\"elementor-section elementor-top-section elementor-element elementor-element-5f3bb58 elementor-section-boxed elementor-section-height-default elementor-section-height-default elementor-invisible\" data-id=\"5f3bb58\" data-element_type=\"section\" data-settings=\"{&quot;animation&quot;:&quot;pulse&quot;}\">\n\t\t\t\t\t\t\t<div class=\"elementor-background-overlay\"><\/div>\n\t\t\t\t\t\t\t<div class=\"elementor-container elementor-column-gap-default\">\n\t\t\t\t\t<div class=\"elementor-column elementor-col-100 elementor-top-column elementor-element elementor-element-5fe35d2\" data-id=\"5fe35d2\" data-element_type=\"column\">\n\t\t\t<div class=\"elementor-widget-wrap elementor-element-populated\">\n\t\t\t\t\t\t<div class=\"elementor-element elementor-element-57920f09 elementor-widget elementor-widget-text-editor\" data-id=\"57920f09\" data-element_type=\"widget\" data-widget_type=\"text-editor.default\">\n\t\t\t\t<div class=\"elementor-widget-container\">\n\t\t\t\t\t\t\t\t\t\n<p><style>\n.organigrama{\n    border-collapse: collapse;\n    width: 60%;\n    font-family: Helvetica, \"Trebuchet MS\", Arial, sans-serif;\n    font-size:100%;\"\n}\n.organigrama td, .organigrama th {\n    text-align: left;\n    padding: 8px;\n}\n.organigrama tr:nth-child(even){background-color: #f2f2f2}\n.organigrama th {\n    background-color: #800040;\n    color: white;\n}\n.imgorganigrama{\n    width:20%;\n    height: auto;\n    border-radius: 20px; \n    border:10px solid #D3D3D2;\n    max-width: 100%;\n}\n<\/style><\/p>\n<div align=\"center\">\n<h2><strong style=\"color: #595959;\">Cultura y Tradiciones Populares<\/strong><\/h2>\n<table class=\"organigrama\">\n<tbody>\n<tr>\n<th><strong>&#8230;<\/strong><\/th>\n<th>Datos<\/th>\n<\/tr>\n<tr>\n<td>Titular:<\/td>\n<td>M.C.D. Jos\u00e9 Eduardo Plaza \u00c1ngeles<\/td>\n<\/tr>\n<tr>\n<td>Domicilio:<\/td>\n<td><a href=\"https:\/\/goo.gl\/maps\/t2Av2Kj2Bmd41KqQ6\" target=\"_blank\" rel=\"noopener\">Mariano Arista 32, Zona Centro<br \/>Comonfort, Gto., C.P. 38200<\/a><\/td>\n<\/tr>\n<tr>\n<td>Tel\u00e9fono:<\/td>\n<td><a href=\"tel:4121563215\">412 156 3215<\/a><\/td>\n<\/tr>\n<tr>\n<td>Correo:<\/td>\n<td><a href=\"mailto:casa.cultura@comonfort.gob.mx\">casa.cultura@comonfort.gob.mx<\/a><\/td>\n<\/tr>\n<tr>\n<td>Horario:<\/td>\n<td>Lunes &#8211; Viernes de 9:00 A.M. a 4:00 P.M.<\/td>\n<\/tr>\n<\/tbody>\n<\/table>\n<a href=\"https:\/\/www.comonfort.gob.mx\/sitio\/tramites-y-servicios\/tys-casa-de-la-cultura\/#quadmenu\">Tr\u00e1mites y Servicios de Casa de la Cultura y Tradiciones Populares<\/a> <br \/><br \/><br \/><i class=\"fab fa-facebook-square\" style=\"font-size: 48px; color: #3b5998;\"><\/i><span style=\"color: #518dbb;\"><br \/><strong><span style=\"font-size: 100%;\"><br \/><a href=\"https:\/\/es-la.facebook.com\/Direcci%C3%B3n-de-Cultura-y-Tradiciones-Populares-de-Comonfort-1459587934260172\/\" target=\"_blank\" rel=\"noopener\"><span style=\"color: #518dbb;\">VISITANOS EN FACEBOOK<\/span><\/a><\/span><\/strong><\/span><\/div>\n\t\t\t\t\t\t\t\t<\/div>\n\t\t\t\t<\/div>\n\t\t\t\t\t<\/div>\n\t\t<\/div>\n\t\t\t\t\t<\/div>\n\t\t<\/section>\n\t\t\t\t<\/div>\n\t\t","protected":false},"excerpt":{"rendered":"<p>Cultura y Tradiciones Populares &#8230; Datos Titular: M.C.D. Jos\u00e9 Eduardo Plaza \u00c1ngeles Domicilio: Mariano Arista 32, Zona CentroComonfort, Gto., C.P. 38200 Tel\u00e9fono: 412 156 3215 Correo: casa.cultura@comonfort.gob.mx Horario: Lunes &#8211; Viernes de 9:00 A.M. a 4:00 P.M. Tr\u00e1mites y Servicios de Casa de la Cultura y Tradiciones Populares VISITANOS EN FACEBOOK<\/p>\n","protected":false},"author":1,"featured_media":0,"parent":0,"menu_order":0,"comment_status":"closed","ping_status":"closed","template":"","meta":{"saved_in_kubio":false,"_eb_attr":"","footnotes":""},"kubio_ai_page_context":{"short_desc":"","purpose":"general"},"yoast_head":"<!-- This site is optimized with the Yoast SEO plugin v24.3 - https:\/\/yoast.com\/wordpress\/plugins\/seo\/ -->\n<title>Direcci\u00f3n de Cultura y Tradiciones Populares -<\/title>\n<meta name=\"robots\" content=\"index, follow, max-snippet:-1, max-image-preview:large, max-video-preview:-1\" \/>\n<link rel=\"canonical\" href=\"https:\/\/www.comonfort.gob.mx\/sitio\/direccion-de-cultura\/\" \/>\n<meta property=\"og:locale\" content=\"es_ES\" \/>\n<meta property=\"og:type\" content=\"article\" \/>\n<meta property=\"og:title\" content=\"Direcci\u00f3n de Cultura y Tradiciones Populares -\" \/>\n<meta property=\"og:description\" content=\"Cultura y Tradiciones Populares &#8230; Datos Titular: M.C.D. Jos\u00e9 Eduardo Plaza \u00c1ngeles Domicilio: Mariano Arista 32, Zona CentroComonfort, Gto., C.P. 38200 Tel\u00e9fono: 412 156 3215 Correo: casa.cultura@comonfort.gob.mx Horario: Lunes &#8211; Viernes de 9:00 A.M. a 4:00 P.M. Tr\u00e1mites y Servicios de Casa de la Cultura y Tradiciones Populares VISITANOS EN FACEBOOK\" \/>\n<meta property=\"og:url\" content=\"https:\/\/www.comonfort.gob.mx\/sitio\/direccion-de-cultura\/\" \/>\n<meta property=\"article:publisher\" content=\"https:\/\/www.facebook.com\/Gobierno-de-Comonfort-2018-2021-771384679654142\/\" \/>\n<meta property=\"article:modified_time\" content=\"2025-08-26T20:18:41+00:00\" \/>\n<meta name=\"twitter:card\" content=\"summary_large_image\" \/>\n<meta name=\"twitter:site\" content=\"@GobComonfort\" \/>\n<meta name=\"twitter:label1\" content=\"Tiempo de lectura\" \/>\n\t<meta name=\"twitter:data1\" content=\"1 minuto\" \/>\n<script type=\"application\/ld+json\" class=\"yoast-schema-graph\">{\"@context\":\"https:\/\/schema.org\",\"@graph\":[{\"@type\":\"WebPage\",\"@id\":\"https:\/\/www.comonfort.gob.mx\/sitio\/direccion-de-cultura\/\",\"url\":\"https:\/\/www.comonfort.gob.mx\/sitio\/direccion-de-cultura\/\",\"name\":\"Direcci\u00f3n de Cultura y Tradiciones Populares -\",\"isPartOf\":{\"@id\":\"https:\/\/www.comonfort.gob.mx\/sitio\/#website\"},\"datePublished\":\"2015-12-23T20:10:39+00:00\",\"dateModified\":\"2025-08-26T20:18:41+00:00\",\"breadcrumb\":{\"@id\":\"https:\/\/www.comonfort.gob.mx\/sitio\/direccion-de-cultura\/#breadcrumb\"},\"inLanguage\":\"es\",\"potentialAction\":[{\"@type\":\"ReadAction\",\"target\":[\"https:\/\/www.comonfort.gob.mx\/sitio\/direccion-de-cultura\/\"]}]},{\"@type\":\"BreadcrumbList\",\"@id\":\"https:\/\/www.comonfort.gob.mx\/sitio\/direccion-de-cultura\/#breadcrumb\",\"itemListElement\":[{\"@type\":\"ListItem\",\"position\":1,\"name\":\"Portada\",\"item\":\"https:\/\/www.comonfort.gob.mx\/sitio\/\"},{\"@type\":\"ListItem\",\"position\":2,\"name\":\"Direcci\u00f3n de Cultura y Tradiciones Populares\"}]},{\"@type\":\"WebSite\",\"@id\":\"https:\/\/www.comonfort.gob.mx\/sitio\/#website\",\"url\":\"https:\/\/www.comonfort.gob.mx\/sitio\/\",\"name\":\"Presidencia Municipal de Comonfort, Gto.\",\"description\":\"\",\"publisher\":{\"@id\":\"https:\/\/www.comonfort.gob.mx\/sitio\/#organization\"},\"potentialAction\":[{\"@type\":\"SearchAction\",\"target\":{\"@type\":\"EntryPoint\",\"urlTemplate\":\"https:\/\/www.comonfort.gob.mx\/sitio\/?s={search_term_string}\"},\"query-input\":{\"@type\":\"PropertyValueSpecification\",\"valueRequired\":true,\"valueName\":\"search_term_string\"}}],\"inLanguage\":\"es\"},{\"@type\":\"Organization\",\"@id\":\"https:\/\/www.comonfort.gob.mx\/sitio\/#organization\",\"name\":\"Presidencia Municipal de Comonfort, Gto.\",\"url\":\"https:\/\/www.comonfort.gob.mx\/sitio\/\",\"logo\":{\"@type\":\"ImageObject\",\"inLanguage\":\"es\",\"@id\":\"https:\/\/www.comonfort.gob.mx\/sitio\/#\/schema\/logo\/image\/\",\"url\":\"https:\/\/www.comonfort.gob.mx\/sitio\/wp-content\/uploads\/2020\/11\/logo-comonfort-c.png\",\"contentUrl\":\"https:\/\/www.comonfort.gob.mx\/sitio\/wp-content\/uploads\/2020\/11\/logo-comonfort-c.png\",\"width\":326,\"height\":348,\"caption\":\"Presidencia Municipal de Comonfort, Gto.\"},\"image\":{\"@id\":\"https:\/\/www.comonfort.gob.mx\/sitio\/#\/schema\/logo\/image\/\"},\"sameAs\":[\"https:\/\/www.facebook.com\/Gobierno-de-Comonfort-2018-2021-771384679654142\/\",\"https:\/\/x.com\/GobComonfort\",\"https:\/\/www.instagram.com\/gobiernocomonfort_oficial\/\",\"https:\/\/www.linkedin.com\/in\/gobierno-de-comonfort-380b251aa\"]}]}<\/script>\n<!-- \/ Yoast SEO plugin. -->","yoast_head_json":{"title":"Direcci\u00f3n de Cultura y Tradiciones Populares -","robots":{"index":"index","follow":"follow","max-snippet":"max-snippet:-1","max-image-preview":"max-image-preview:large","max-video-preview":"max-video-preview:-1"},"canonical":"https:\/\/www.comonfort.gob.mx\/sitio\/direccion-de-cultura\/","og_locale":"es_ES","og_type":"article","og_title":"Direcci\u00f3n de Cultura y Tradiciones Populares -","og_description":"Cultura y Tradiciones Populares &#8230; Datos Titular: M.C.D. Jos\u00e9 Eduardo Plaza \u00c1ngeles Domicilio: Mariano Arista 32, Zona CentroComonfort, Gto., C.P. 38200 Tel\u00e9fono: 412 156 3215 Correo: casa.cultura@comonfort.gob.mx Horario: Lunes &#8211; Viernes de 9:00 A.M. a 4:00 P.M. Tr\u00e1mites y Servicios de Casa de la Cultura y Tradiciones Populares VISITANOS EN FACEBOOK","og_url":"https:\/\/www.comonfort.gob.mx\/sitio\/direccion-de-cultura\/","article_publisher":"https:\/\/www.facebook.com\/Gobierno-de-Comonfort-2018-2021-771384679654142\/","article_modified_time":"2025-08-26T20:18:41+00:00","twitter_card":"summary_large_image","twitter_site":"@GobComonfort","twitter_misc":{"Tiempo de lectura":"1 minuto"},"schema":{"@context":"https:\/\/schema.org","@graph":[{"@type":"WebPage","@id":"https:\/\/www.comonfort.gob.mx\/sitio\/direccion-de-cultura\/","url":"https:\/\/www.comonfort.gob.mx\/sitio\/direccion-de-cultura\/","name":"Direcci\u00f3n de Cultura y Tradiciones Populares -","isPartOf":{"@id":"https:\/\/www.comonfort.gob.mx\/sitio\/#website"},"datePublished":"2015-12-23T20:10:39+00:00","dateModified":"2025-08-26T20:18:41+00:00","breadcrumb":{"@id":"https:\/\/www.comonfort.gob.mx\/sitio\/direccion-de-cultura\/#breadcrumb"},"inLanguage":"es","potentialAction":[{"@type":"ReadAction","target":["https:\/\/www.comonfort.gob.mx\/sitio\/direccion-de-cultura\/"]}]},{"@type":"BreadcrumbList","@id":"https:\/\/www.comonfort.gob.mx\/sitio\/direccion-de-cultura\/#breadcrumb","itemListElement":[{"@type":"ListItem","position":1,"name":"Portada","item":"https:\/\/www.comonfort.gob.mx\/sitio\/"},{"@type":"ListItem","position":2,"name":"Direcci\u00f3n de Cultura y Tradiciones Populares"}]},{"@type":"WebSite","@id":"https:\/\/www.comonfort.gob.mx\/sitio\/#website","url":"https:\/\/www.comonfort.gob.mx\/sitio\/","name":"Presidencia Municipal de Comonfort, Gto.","description":"","publisher":{"@id":"https:\/\/www.comonfort.gob.mx\/sitio\/#organization"},"potentialAction":[{"@type":"SearchAction","target":{"@type":"EntryPoint","urlTemplate":"https:\/\/www.comonfort.gob.mx\/sitio\/?s={search_term_string}"},"query-input":{"@type":"PropertyValueSpecification","valueRequired":true,"valueName":"search_term_string"}}],"inLanguage":"es"},{"@type":"Organization","@id":"https:\/\/www.comonfort.gob.mx\/sitio\/#organization","name":"Presidencia Municipal de Comonfort, Gto.","url":"https:\/\/www.comonfort.gob.mx\/sitio\/","logo":{"@type":"ImageObject","inLanguage":"es","@id":"https:\/\/www.comonfort.gob.mx\/sitio\/#\/schema\/logo\/image\/","url":"https:\/\/www.comonfort.gob.mx\/sitio\/wp-content\/uploads\/2020\/11\/logo-comonfort-c.png","contentUrl":"https:\/\/www.comonfort.gob.mx\/sitio\/wp-content\/uploads\/2020\/11\/logo-comonfort-c.png","width":326,"height":348,"caption":"Presidencia Municipal de Comonfort, Gto."},"image":{"@id":"https:\/\/www.comonfort.gob.mx\/sitio\/#\/schema\/logo\/image\/"},"sameAs":["https:\/\/www.facebook.com\/Gobierno-de-Comonfort-2018-2021-771384679654142\/","https:\/\/x.com\/GobComonfort","https:\/\/www.instagram.com\/gobiernocomonfort_oficial\/","https:\/\/www.linkedin.com\/in\/gobierno-de-comonfort-380b251aa"]}]}},"_links":{"self":[{"href":"https:\/\/www.comonfort.gob.mx\/sitio\/wp-json\/wp\/v2\/pages\/337"}],"collection":[{"href":"https:\/\/www.comonfort.gob.mx\/sitio\/wp-json\/wp\/v2\/pages"}],"about":[{"href":"https:\/\/www.comonfort.gob.mx\/sitio\/wp-json\/wp\/v2\/types\/page"}],"author":[{"embeddable":true,"href":"https:\/\/www.comonfort.gob.mx\/sitio\/wp-json\/wp\/v2\/users\/1"}],"replies":[{"embeddable":true,"href":"https:\/\/www.comonfort.gob.mx\/sitio\/wp-json\/wp\/v2\/comments?post=337"}],"version-history":[{"count":25,"href":"https:\/\/www.comonfort.gob.mx\/sitio\/wp-json\/wp\/v2\/pages\/337\/revisions"}],"predecessor-version":[{"id":20513,"href":"https:\/\/www.comonfort.gob.mx\/sitio\/wp-json\/wp\/v2\/pages\/337\/revisions\/20513"}],"wp:attachment":[{"href":"https:\/\/www.comonfort.gob.mx\/sitio\/wp-json\/wp\/v2\/media?parent=337"}],"curies":[{"name":"wp","href":"https:\/\/api.w.org\/{rel}","templated":true}]}}