{"id":20074,"date":"2025-07-22T11:27:46","date_gmt":"2025-07-22T17:27:46","guid":{"rendered":"https:\/\/www.comonfort.gob.mx\/sitio\/?page_id=20074"},"modified":"2025-08-11T11:42:03","modified_gmt":"2025-08-11T17:42:03","slug":"convocatorias","status":"publish","type":"page","link":"https:\/\/www.comonfort.gob.mx\/sitio\/convocatorias\/","title":{"rendered":"Convocatorias"},"content":{"rendered":"<div id=\"fb-root\"><\/div>\n\t\t<div data-elementor-type=\"wp-page\" data-elementor-id=\"20074\" class=\"elementor elementor-20074\">\n\t\t\t\t\t\t<section class=\"elementor-section elementor-top-section elementor-element elementor-element-30cf896 elementor-section-boxed elementor-section-height-default elementor-section-height-default\" data-id=\"30cf896\" data-element_type=\"section\">\n\t\t\t\t\t\t<div class=\"elementor-container elementor-column-gap-default\">\n\t\t\t\t\t<div class=\"elementor-column elementor-col-100 elementor-top-column elementor-element elementor-element-6b73aa4\" data-id=\"6b73aa4\" data-element_type=\"column\">\n\t\t\t<div class=\"elementor-widget-wrap elementor-element-populated\">\n\t\t\t\t\t\t<div class=\"elementor-element elementor-element-439b341 elementor-widget elementor-widget-html\" data-id=\"439b341\" data-element_type=\"widget\" data-widget_type=\"html.default\">\n\t\t\t\t<div class=\"elementor-widget-container\">\n\t\t\t\t\t<section style=\"text-align: center; padding: 30px; border: 4px solid #a23a4f; border-radius: 15px; box-sizing: border-box;\">\r\n  <h1 style=\"font-size: 2.5em; font-weight: bold; font-style: italic; color: #1a1a1a;\">\r\n    \u00a1Llega el Primer Campamento de Verano Juventud 2025!\r\n  <\/h1>\r\n\r\n  <h5 style=\"font-size: 1.6em; font-weight: bold; font-style: italic; color: #000000; margin-top: 20px;\">\r\n    Prep\u00e1rate para dos d\u00edas llenos de actividades, aprendizaje, diversi\u00f3n y conexi\u00f3n con otras juventudes como t\u00fa.\r\n  <\/h5>\r\n\r\n  <h5 style=\"font-size: 1.6em; font-weight: bold; font-style: italic; color: #000000; margin-top: 15px;\">\r\n    \u00a1Una experiencia que no te puedes perder!\r\n  <\/h5>\r\n\r\n  <h5 style=\"font-size: 1.6em; font-weight: bold; font-style: italic; color: #000000; margin-top: 15px;\">\r\n    \u00a1Ven a vivir una experiencia \u00fanica, a compartir ideas, hacer comunidad y construir el futuro juntos!\r\n  <\/h5>\r\n\r\n  <figure style=\"margin-top: 25px;\">\r\n    <img decoding=\"async\" style=\"max-width: 100%; height: auto; border-radius: 10px; box-shadow: 0 4px 12px rgba(0,0,0,0.2);\" \r\n         src=\"https:\/\/www.comonfort.gob.mx\/sitio\/wp-content\/uploads\/2025\/07\/517580688_1167492638751601_5243277779431285615_n.jpg\" \r\n         alt=\"Campamento de Verano 2025\" width=\"800\" \/>\r\n  <\/figure>\r\n\r\n  <h1 style=\"font-size: 2.2em; font-weight: bold; font-style: italic; color: #1a1a1a; margin-top: 30px;\">\r\n    \u00a1El registro ya est\u00e1 abierto! Consulta la convocatoria completa y reg\u00edstrate en el siguiente enlace:\r\n  <\/h1>\r\n\r\n  <h4 style=\"font-size: 1.2em; margin-top: 20px;\">\r\n    <a style=\"color: #007bff; text-decoration: none; font-weight: bold;\" href=\"https:\/\/drive.google.com\/file\/d\/1S1ppz2BX0cW25y-vRg4mHamraPLzhIcx\/view?usp=sharing\" target=\"_blank\" rel=\"noopener noreferrer\">\r\n      https:\/\/drive.google.com\/...\/1S1ppz2BX0cW25y...\/view...\r\n    <\/a>\r\n  <\/h4>\r\n<\/section>\t\t\t\t<\/div>\n\t\t\t\t<\/div>\n\t\t\t\t\t<\/div>\n\t\t<\/div>\n\t\t\t\t\t<\/div>\n\t\t<\/section>\n\t\t\t\t<section class=\"elementor-section elementor-top-section elementor-element elementor-element-793473e elementor-section-boxed elementor-section-height-default elementor-section-height-default\" data-id=\"793473e\" data-element_type=\"section\">\n\t\t\t\t\t\t<div class=\"elementor-container elementor-column-gap-default\">\n\t\t\t\t\t<div class=\"elementor-column elementor-col-100 elementor-top-column elementor-element elementor-element-0228191\" data-id=\"0228191\" data-element_type=\"column\">\n\t\t\t<div class=\"elementor-widget-wrap elementor-element-populated\">\n\t\t\t\t\t\t<div class=\"elementor-element elementor-element-c377f0f elementor-widget elementor-widget-html\" data-id=\"c377f0f\" data-element_type=\"widget\" data-widget_type=\"html.default\">\n\t\t\t\t<div class=\"elementor-widget-container\">\n\t\t\t\t\t<section style=\"text-align: center; padding: 30px; border: 4px solid #a23a4f; border-radius: 15px; box-sizing: border-box;\">\r\n<h1 style=\"font-size: 2.5em; font-weight: bold; font-style: italic; color: #000000;\">\u00a1La salud tambi\u00e9n es prioridad en nuestro municipio!<\/h1>\r\n<h3 style=\"font-size: 1.8em; font-weight: bold; font-style: italic; color: #1a1a1a; margin-top: 20px;\">Este mes de agosto llega la Feria de Salud a distintas comunidades, acercando servicios gratuitos para cuidar de ti y tu familia.<\/h3>\r\n<h3 style=\"font-size: 1.8em; font-weight: bold; font-style: italic; color: #1a1a1a; margin-top: 15px;\">\u00a1Ac\u00e9rcate y aprovecha estos servicios pensados para ti y tu bienestar!<\/h3>\r\n<figure style=\"margin-top: 25px;\"><img decoding=\"async\" style=\"max-width: 100%; height: auto; border-radius: 10px; box-shadow: 0 4px 12px rgba(0,0,0,0.2);\" src=\"https:\/\/www.comonfort.gob.mx\/sitio\/wp-content\/uploads\/2025\/08\/527638278_1188223800011818_1582242275078242590_n.jpg\" alt=\"Feria de Salud Agosto 2025\" width=\"800\" \/><\/figure>\r\n<h3 style=\"font-size: 1.6em; font-weight: bold; font-style: italic; color: #1a1a1a; margin-top: 30px;\">\u00a1No dejes pasar la oportunidad de cuidar tu salud!<\/h3>\r\n<\/section><style>\r\n  section {<br \/>\r\n    text-align: center;<br \/>\r\n    padding: 30px;<br \/>\r\n    border: 4px solid #a23a4f;<br \/>\r\n    border-radius: 15px;<br \/>\r\n    box-sizing: border-box;<br \/>\r\n  }<\/p>\r\n<p>  h1 {<br \/>\r\n    font-size: 2.5em;<br \/>\r\n    font-weight: bold;<br \/>\r\n    font-style: italic;<br \/>\r\n    color: #000000;<br \/>\r\n  }<\/p>\r\n<p>  h3 {<br \/>\r\n    font-size: 1.8em;<br \/>\r\n    font-weight: bold;<br \/>\r\n    font-style: italic;<br \/>\r\n    color: #1a1a1a;<br \/>\r\n    margin-top: 15px;<br \/>\r\n  }<\/p>\r\n<p>  figure img {<br \/>\r\n    max-width: 100%;<br \/>\r\n    height: auto;<br \/>\r\n    border-radius: 10px;<br \/>\r\n    box-shadow: 0 4px 12px rgba(0, 0, 0, 0.2);<br \/>\r\n    margin-top: 25px;<br \/>\r\n  }<\/p>\r\n<p>  h4 a {<br \/>\r\n    color: #007bff;<br \/>\r\n    text-decoration: none;<br \/>\r\n    font-weight: bold;<br \/>\r\n  }<\/p>\r\n<p>  h4 a:hover {<br \/>\r\n    text-decoration: underline;<br \/>\r\n  }<br \/>\r\n<\/style>\t\t\t\t<\/div>\n\t\t\t\t<\/div>\n\t\t\t\t\t<\/div>\n\t\t<\/div>\n\t\t\t\t\t<\/div>\n\t\t<\/section>\n\t\t\t\t<section class=\"elementor-section elementor-top-section elementor-element elementor-element-45d8284 elementor-section-boxed elementor-section-height-default elementor-section-height-default\" data-id=\"45d8284\" data-element_type=\"section\">\n\t\t\t\t\t\t<div class=\"elementor-container elementor-column-gap-default\">\n\t\t\t\t\t<div class=\"elementor-column elementor-col-100 elementor-top-column elementor-element elementor-element-7f17681\" data-id=\"7f17681\" data-element_type=\"column\">\n\t\t\t<div class=\"elementor-widget-wrap elementor-element-populated\">\n\t\t\t\t\t\t<div class=\"elementor-element elementor-element-d150f24 elementor-widget elementor-widget-html\" data-id=\"d150f24\" data-element_type=\"widget\" data-widget_type=\"html.default\">\n\t\t\t\t<div class=\"elementor-widget-container\">\n\t\t\t\t\t<section style=\"text-align: center; padding: 30px; border: 4px solid #a23a4f; border-radius: 15px; box-sizing: border-box;\">\r\n  <h1 style=\"font-size: 2.5em; font-weight: bold; color: #1a1a1a;\">\r\n    \u00a1Atenci\u00f3n atletas de Comonfort!\r\n  <\/h1>\r\n  \r\n  <figure style=\"margin-top: 20px;\">\r\n    <img decoding=\"async\" style=\"max-width: 100%; height: auto; border-radius: 10px; box-shadow: 0 4px 8px rgba(0,0,0,0.2);\" \r\n         src=\"https:\/\/www.comonfort.gob.mx\/sitio\/wp-content\/uploads\/2025\/07\/524377025_1182883950545803_1675960640044365109_n.jpg\" \r\n         alt=\"Cartel de la Carrera Selectiva\" width=\"800\" \/>\r\n  <\/figure>\r\n\r\n  <h3 style=\"font-size: 1.8em; font-weight: bold; color: #1a1a1a; margin-top: 20px;\">\r\n    <em>Los seleccionados representar\u00e1n al municipio en el evento c\u00edvico-deportivo del 15 de septiembre<\/em>\r\n  <\/h3>\r\n\r\n  <h2 style=\"font-size: 2em; font-style: italic; color: #1a1a1a; margin-top: 30px;\">\r\n    <em><strong>\u00a1Corre con el coraz\u00f3n por nuestro pueblo!<\/strong><\/em>\r\n  <\/h2>\r\n<\/section>\r\n\r\n<style>\r\n  section {\r\n    text-align: center;\r\n    padding: 30px;\r\n    border: 4px solid #a23a4f;\r\n    border-radius: 15px;\r\n    box-sizing: border-box;\r\n  }\r\n\r\n  h1 {\r\n    font-size: 2.5em;\r\n    font-weight: bold;\r\n    color: #1a1a1a;\r\n  }\r\n\r\n  h3 {\r\n    font-size: 1.8em;\r\n    font-weight: bold;\r\n    color: #1a1a1a;\r\n    margin-top: 20px;\r\n  }\r\n\r\n  h2 {\r\n    font-size: 2em;\r\n    font-style: italic;\r\n    color: #1a1a1a;\r\n    margin-top: 30px;\r\n  }\r\n\r\n  figure img {\r\n    max-width: 100%;\r\n    height: auto;\r\n    border-radius: 10px;\r\n    box-shadow: 0 4px 8px rgba(0, 0, 0, 0.2);\r\n    margin-top: 25px;\r\n  }\r\n<\/style>\r\n\t\t\t\t<\/div>\n\t\t\t\t<\/div>\n\t\t\t\t\t<\/div>\n\t\t<\/div>\n\t\t\t\t\t<\/div>\n\t\t<\/section>\n\t\t\t\t<section class=\"elementor-section elementor-top-section elementor-element elementor-element-cf51036 elementor-section-boxed elementor-section-height-default elementor-section-height-default\" data-id=\"cf51036\" data-element_type=\"section\">\n\t\t\t\t\t\t<div class=\"elementor-container elementor-column-gap-default\">\n\t\t\t\t\t<div class=\"elementor-column elementor-col-100 elementor-top-column elementor-element elementor-element-e66f30d\" data-id=\"e66f30d\" data-element_type=\"column\">\n\t\t\t<div class=\"elementor-widget-wrap elementor-element-populated\">\n\t\t\t\t\t\t<div class=\"elementor-element elementor-element-ce83c2e elementor-widget elementor-widget-html\" data-id=\"ce83c2e\" data-element_type=\"widget\" data-widget_type=\"html.default\">\n\t\t\t\t<div class=\"elementor-widget-container\">\n\t\t\t\t\t<section class=\"prevencion-dengue\">\r\n  <h1 class=\"titulo-principal\">\r\n    Prevenir el dengue es tarea de todos.\r\n  <\/h1>\r\n\r\n  <h4 class=\"subtitulo\">\r\n    Desde la Coordinaci\u00f3n de Salud te recordamos:\r\n  <\/h4>\r\n\r\n  <figure class=\"imagen-figure\">\r\n    <img decoding=\"async\" class=\"imagen-prevencion\" \r\n         src=\"https:\/\/www.comonfort.gob.mx\/sitio\/wp-content\/uploads\/2025\/07\/518152113_1176401141194084_6877667107953968762_n.jpg\" \r\n         alt=\"Cartel de prevenci\u00f3n del dengue\" \r\n         width=\"800\" \/>\r\n  <\/figure>\r\n<\/section>\r\n\r\n<style>\r\n  .prevencion-dengue {\r\n    text-align: center;\r\n    padding: 30px;\r\n    border: 4px solid #a23a4f;\r\n    border-radius: 15px;\r\n    box-sizing: border-box;\r\n    background-color: #f9f9f9; \/* Color de fondo suave *\/\r\n  }\r\n\r\n  .titulo-principal {\r\n    font-size: 2.5em;\r\n    font-weight: bold;\r\n    color: #1a1a1a;\r\n    margin-bottom: 15px; \/* Separaci\u00f3n con el subt\u00edtulo *\/\r\n  }\r\n\r\n  .subtitulo {\r\n    font-size: 1.2em;\r\n    font-style: italic;\r\n    color: #444;\r\n    margin-top: 15px;\r\n  }\r\n\r\n  .imagen-figure {\r\n    margin-top: 20px;\r\n    max-width: 100%;\r\n    border-radius: 10px;\r\n    box-shadow: 0 4px 8px rgba(0, 0, 0, 0.2);\r\n  }\r\n\r\n  .imagen-prevencion {\r\n    max-width: 100%;\r\n    height: auto;\r\n    border-radius: 10px;\r\n  }\r\n\r\n  \/* Responsive: mejora en pantallas peque\u00f1as *\/\r\n  @media (max-width: 768px) {\r\n    .titulo-principal {\r\n      font-size: 2em;\r\n    }\r\n    .subtitulo {\r\n      font-size: 1em;\r\n    }\r\n    .imagen-prevencion {\r\n      width: 100%;\r\n    }\r\n  }\r\n<\/style>\r\n\t\t\t\t<\/div>\n\t\t\t\t<\/div>\n\t\t\t\t\t<\/div>\n\t\t<\/div>\n\t\t\t\t\t<\/div>\n\t\t<\/section>\n\t\t\t\t<\/div>\n\t\t","protected":false},"excerpt":{"rendered":"<p>\u00a1Llega el Primer Campamento de Verano Juventud 2025! Prep\u00e1rate para dos d\u00edas llenos de actividades, aprendizaje, diversi\u00f3n y conexi\u00f3n con otras juventudes como t\u00fa. \u00a1Una experiencia que no te puedes perder! \u00a1Ven a vivir una experiencia \u00fanica, a compartir ideas, hacer comunidad y construir el futuro juntos! \u00a1El registro ya est\u00e1 abierto! Consulta la convocatoria [&hellip;]<\/p>\n","protected":false},"author":1,"featured_media":0,"parent":0,"menu_order":0,"comment_status":"closed","ping_status":"closed","template":"","meta":{"saved_in_kubio":false,"_eb_attr":"","footnotes":""},"kubio_ai_page_context":{"short_desc":"","purpose":"general"},"yoast_head":"<!-- This site is optimized with the Yoast SEO plugin v24.3 - https:\/\/yoast.com\/wordpress\/plugins\/seo\/ -->\n<title>Convocatorias -<\/title>\n<meta name=\"robots\" content=\"index, follow, max-snippet:-1, max-image-preview:large, max-video-preview:-1\" \/>\n<link rel=\"canonical\" href=\"https:\/\/www.comonfort.gob.mx\/sitio\/convocatorias\/\" \/>\n<meta property=\"og:locale\" content=\"es_ES\" \/>\n<meta property=\"og:type\" content=\"article\" \/>\n<meta property=\"og:title\" content=\"Convocatorias -\" \/>\n<meta property=\"og:description\" content=\"\u00a1Llega el Primer Campamento de Verano Juventud 2025! Prep\u00e1rate para dos d\u00edas llenos de actividades, aprendizaje, diversi\u00f3n y conexi\u00f3n con otras juventudes como t\u00fa. \u00a1Una experiencia que no te puedes perder! \u00a1Ven a vivir una experiencia \u00fanica, a compartir ideas, hacer comunidad y construir el futuro juntos! \u00a1El registro ya est\u00e1 abierto! Consulta la convocatoria [&hellip;]\" \/>\n<meta property=\"og:url\" content=\"https:\/\/www.comonfort.gob.mx\/sitio\/convocatorias\/\" \/>\n<meta property=\"article:publisher\" content=\"https:\/\/www.facebook.com\/Gobierno-de-Comonfort-2018-2021-771384679654142\/\" \/>\n<meta property=\"article:modified_time\" content=\"2025-08-11T17:42:03+00:00\" \/>\n<meta property=\"og:image\" content=\"https:\/\/www.comonfort.gob.mx\/sitio\/wp-content\/uploads\/2025\/07\/517580688_1167492638751601_5243277779431285615_n.jpg\" \/>\n<meta name=\"twitter:card\" content=\"summary_large_image\" \/>\n<meta name=\"twitter:site\" content=\"@GobComonfort\" \/>\n<meta name=\"twitter:label1\" content=\"Tiempo de lectura\" \/>\n\t<meta name=\"twitter:data1\" content=\"2 minutos\" \/>\n<script type=\"application\/ld+json\" class=\"yoast-schema-graph\">{\"@context\":\"https:\/\/schema.org\",\"@graph\":[{\"@type\":\"WebPage\",\"@id\":\"https:\/\/www.comonfort.gob.mx\/sitio\/convocatorias\/\",\"url\":\"https:\/\/www.comonfort.gob.mx\/sitio\/convocatorias\/\",\"name\":\"Convocatorias -\",\"isPartOf\":{\"@id\":\"https:\/\/www.comonfort.gob.mx\/sitio\/#website\"},\"primaryImageOfPage\":{\"@id\":\"https:\/\/www.comonfort.gob.mx\/sitio\/convocatorias\/#primaryimage\"},\"image\":{\"@id\":\"https:\/\/www.comonfort.gob.mx\/sitio\/convocatorias\/#primaryimage\"},\"thumbnailUrl\":\"https:\/\/www.comonfort.gob.mx\/sitio\/wp-content\/uploads\/2025\/07\/517580688_1167492638751601_5243277779431285615_n.jpg\",\"datePublished\":\"2025-07-22T17:27:46+00:00\",\"dateModified\":\"2025-08-11T17:42:03+00:00\",\"breadcrumb\":{\"@id\":\"https:\/\/www.comonfort.gob.mx\/sitio\/convocatorias\/#breadcrumb\"},\"inLanguage\":\"es\",\"potentialAction\":[{\"@type\":\"ReadAction\",\"target\":[\"https:\/\/www.comonfort.gob.mx\/sitio\/convocatorias\/\"]}]},{\"@type\":\"ImageObject\",\"inLanguage\":\"es\",\"@id\":\"https:\/\/www.comonfort.gob.mx\/sitio\/convocatorias\/#primaryimage\",\"url\":\"https:\/\/www.comonfort.gob.mx\/sitio\/wp-content\/uploads\/2025\/07\/517580688_1167492638751601_5243277779431285615_n.jpg\",\"contentUrl\":\"https:\/\/www.comonfort.gob.mx\/sitio\/wp-content\/uploads\/2025\/07\/517580688_1167492638751601_5243277779431285615_n.jpg\",\"width\":1080,\"height\":1350},{\"@type\":\"BreadcrumbList\",\"@id\":\"https:\/\/www.comonfort.gob.mx\/sitio\/convocatorias\/#breadcrumb\",\"itemListElement\":[{\"@type\":\"ListItem\",\"position\":1,\"name\":\"Portada\",\"item\":\"https:\/\/www.comonfort.gob.mx\/sitio\/\"},{\"@type\":\"ListItem\",\"position\":2,\"name\":\"Convocatorias\"}]},{\"@type\":\"WebSite\",\"@id\":\"https:\/\/www.comonfort.gob.mx\/sitio\/#website\",\"url\":\"https:\/\/www.comonfort.gob.mx\/sitio\/\",\"name\":\"Presidencia Municipal de Comonfort, Gto.\",\"description\":\"\",\"publisher\":{\"@id\":\"https:\/\/www.comonfort.gob.mx\/sitio\/#organization\"},\"potentialAction\":[{\"@type\":\"SearchAction\",\"target\":{\"@type\":\"EntryPoint\",\"urlTemplate\":\"https:\/\/www.comonfort.gob.mx\/sitio\/?s={search_term_string}\"},\"query-input\":{\"@type\":\"PropertyValueSpecification\",\"valueRequired\":true,\"valueName\":\"search_term_string\"}}],\"inLanguage\":\"es\"},{\"@type\":\"Organization\",\"@id\":\"https:\/\/www.comonfort.gob.mx\/sitio\/#organization\",\"name\":\"Presidencia Municipal de Comonfort, Gto.\",\"url\":\"https:\/\/www.comonfort.gob.mx\/sitio\/\",\"logo\":{\"@type\":\"ImageObject\",\"inLanguage\":\"es\",\"@id\":\"https:\/\/www.comonfort.gob.mx\/sitio\/#\/schema\/logo\/image\/\",\"url\":\"https:\/\/www.comonfort.gob.mx\/sitio\/wp-content\/uploads\/2020\/11\/logo-comonfort-c.png\",\"contentUrl\":\"https:\/\/www.comonfort.gob.mx\/sitio\/wp-content\/uploads\/2020\/11\/logo-comonfort-c.png\",\"width\":326,\"height\":348,\"caption\":\"Presidencia Municipal de Comonfort, Gto.\"},\"image\":{\"@id\":\"https:\/\/www.comonfort.gob.mx\/sitio\/#\/schema\/logo\/image\/\"},\"sameAs\":[\"https:\/\/www.facebook.com\/Gobierno-de-Comonfort-2018-2021-771384679654142\/\",\"https:\/\/x.com\/GobComonfort\",\"https:\/\/www.instagram.com\/gobiernocomonfort_oficial\/\",\"https:\/\/www.linkedin.com\/in\/gobierno-de-comonfort-380b251aa\"]}]}<\/script>\n<!-- \/ Yoast SEO plugin. -->","yoast_head_json":{"title":"Convocatorias -","robots":{"index":"index","follow":"follow","max-snippet":"max-snippet:-1","max-image-preview":"max-image-preview:large","max-video-preview":"max-video-preview:-1"},"canonical":"https:\/\/www.comonfort.gob.mx\/sitio\/convocatorias\/","og_locale":"es_ES","og_type":"article","og_title":"Convocatorias -","og_description":"\u00a1Llega el Primer Campamento de Verano Juventud 2025! Prep\u00e1rate para dos d\u00edas llenos de actividades, aprendizaje, diversi\u00f3n y conexi\u00f3n con otras juventudes como t\u00fa. \u00a1Una experiencia que no te puedes perder! \u00a1Ven a vivir una experiencia \u00fanica, a compartir ideas, hacer comunidad y construir el futuro juntos! \u00a1El registro ya est\u00e1 abierto! Consulta la convocatoria [&hellip;]","og_url":"https:\/\/www.comonfort.gob.mx\/sitio\/convocatorias\/","article_publisher":"https:\/\/www.facebook.com\/Gobierno-de-Comonfort-2018-2021-771384679654142\/","article_modified_time":"2025-08-11T17:42:03+00:00","og_image":[{"url":"https:\/\/www.comonfort.gob.mx\/sitio\/wp-content\/uploads\/2025\/07\/517580688_1167492638751601_5243277779431285615_n.jpg","type":"","width":"","height":""}],"twitter_card":"summary_large_image","twitter_site":"@GobComonfort","twitter_misc":{"Tiempo de lectura":"2 minutos"},"schema":{"@context":"https:\/\/schema.org","@graph":[{"@type":"WebPage","@id":"https:\/\/www.comonfort.gob.mx\/sitio\/convocatorias\/","url":"https:\/\/www.comonfort.gob.mx\/sitio\/convocatorias\/","name":"Convocatorias -","isPartOf":{"@id":"https:\/\/www.comonfort.gob.mx\/sitio\/#website"},"primaryImageOfPage":{"@id":"https:\/\/www.comonfort.gob.mx\/sitio\/convocatorias\/#primaryimage"},"image":{"@id":"https:\/\/www.comonfort.gob.mx\/sitio\/convocatorias\/#primaryimage"},"thumbnailUrl":"https:\/\/www.comonfort.gob.mx\/sitio\/wp-content\/uploads\/2025\/07\/517580688_1167492638751601_5243277779431285615_n.jpg","datePublished":"2025-07-22T17:27:46+00:00","dateModified":"2025-08-11T17:42:03+00:00","breadcrumb":{"@id":"https:\/\/www.comonfort.gob.mx\/sitio\/convocatorias\/#breadcrumb"},"inLanguage":"es","potentialAction":[{"@type":"ReadAction","target":["https:\/\/www.comonfort.gob.mx\/sitio\/convocatorias\/"]}]},{"@type":"ImageObject","inLanguage":"es","@id":"https:\/\/www.comonfort.gob.mx\/sitio\/convocatorias\/#primaryimage","url":"https:\/\/www.comonfort.gob.mx\/sitio\/wp-content\/uploads\/2025\/07\/517580688_1167492638751601_5243277779431285615_n.jpg","contentUrl":"https:\/\/www.comonfort.gob.mx\/sitio\/wp-content\/uploads\/2025\/07\/517580688_1167492638751601_5243277779431285615_n.jpg","width":1080,"height":1350},{"@type":"BreadcrumbList","@id":"https:\/\/www.comonfort.gob.mx\/sitio\/convocatorias\/#breadcrumb","itemListElement":[{"@type":"ListItem","position":1,"name":"Portada","item":"https:\/\/www.comonfort.gob.mx\/sitio\/"},{"@type":"ListItem","position":2,"name":"Convocatorias"}]},{"@type":"WebSite","@id":"https:\/\/www.comonfort.gob.mx\/sitio\/#website","url":"https:\/\/www.comonfort.gob.mx\/sitio\/","name":"Presidencia Municipal de Comonfort, Gto.","description":"","publisher":{"@id":"https:\/\/www.comonfort.gob.mx\/sitio\/#organization"},"potentialAction":[{"@type":"SearchAction","target":{"@type":"EntryPoint","urlTemplate":"https:\/\/www.comonfort.gob.mx\/sitio\/?s={search_term_string}"},"query-input":{"@type":"PropertyValueSpecification","valueRequired":true,"valueName":"search_term_string"}}],"inLanguage":"es"},{"@type":"Organization","@id":"https:\/\/www.comonfort.gob.mx\/sitio\/#organization","name":"Presidencia Municipal de Comonfort, Gto.","url":"https:\/\/www.comonfort.gob.mx\/sitio\/","logo":{"@type":"ImageObject","inLanguage":"es","@id":"https:\/\/www.comonfort.gob.mx\/sitio\/#\/schema\/logo\/image\/","url":"https:\/\/www.comonfort.gob.mx\/sitio\/wp-content\/uploads\/2020\/11\/logo-comonfort-c.png","contentUrl":"https:\/\/www.comonfort.gob.mx\/sitio\/wp-content\/uploads\/2020\/11\/logo-comonfort-c.png","width":326,"height":348,"caption":"Presidencia Municipal de Comonfort, Gto."},"image":{"@id":"https:\/\/www.comonfort.gob.mx\/sitio\/#\/schema\/logo\/image\/"},"sameAs":["https:\/\/www.facebook.com\/Gobierno-de-Comonfort-2018-2021-771384679654142\/","https:\/\/x.com\/GobComonfort","https:\/\/www.instagram.com\/gobiernocomonfort_oficial\/","https:\/\/www.linkedin.com\/in\/gobierno-de-comonfort-380b251aa"]}]}},"_links":{"self":[{"href":"https:\/\/www.comonfort.gob.mx\/sitio\/wp-json\/wp\/v2\/pages\/20074"}],"collection":[{"href":"https:\/\/www.comonfort.gob.mx\/sitio\/wp-json\/wp\/v2\/pages"}],"about":[{"href":"https:\/\/www.comonfort.gob.mx\/sitio\/wp-json\/wp\/v2\/types\/page"}],"author":[{"embeddable":true,"href":"https:\/\/www.comonfort.gob.mx\/sitio\/wp-json\/wp\/v2\/users\/1"}],"replies":[{"embeddable":true,"href":"https:\/\/www.comonfort.gob.mx\/sitio\/wp-json\/wp\/v2\/comments?post=20074"}],"version-history":[{"count":27,"href":"https:\/\/www.comonfort.gob.mx\/sitio\/wp-json\/wp\/v2\/pages\/20074\/revisions"}],"predecessor-version":[{"id":20345,"href":"https:\/\/www.comonfort.gob.mx\/sitio\/wp-json\/wp\/v2\/pages\/20074\/revisions\/20345"}],"wp:attachment":[{"href":"https:\/\/www.comonfort.gob.mx\/sitio\/wp-json\/wp\/v2\/media?parent=20074"}],"curies":[{"name":"wp","href":"https:\/\/api.w.org\/{rel}","templated":true}]}}