{"id":1296,"date":"2016-04-29T10:09:55","date_gmt":"2016-04-29T16:09:55","guid":{"rendered":"http:\/\/www.comonfort.gob.mx\/ppp\/?page_id=1296"},"modified":"2026-02-26T10:30:12","modified_gmt":"2026-02-26T16:30:12","slug":"fraccion1","status":"publish","type":"page","link":"https:\/\/www.comonfort.gob.mx\/sitio\/transparencia\/fraccion1\/","title":{"rendered":"Fracci\u00f3n I Marco normativo aplicable"},"content":{"rendered":"<div id=\"fb-root\"><\/div>\n\t\t<div data-elementor-type=\"wp-page\" data-elementor-id=\"1296\" class=\"elementor elementor-1296\">\n\t\t\t\t\t\t<section class=\"elementor-section elementor-top-section elementor-element elementor-element-d5c0182 elementor-section-boxed elementor-section-height-default elementor-section-height-default\" data-id=\"d5c0182\" data-element_type=\"section\">\n\t\t\t\t\t\t<div class=\"elementor-container elementor-column-gap-default\">\n\t\t\t\t\t<div class=\"elementor-column elementor-col-100 elementor-top-column elementor-element elementor-element-1bc368f\" data-id=\"1bc368f\" data-element_type=\"column\">\n\t\t\t<div class=\"elementor-widget-wrap elementor-element-populated\">\n\t\t\t\t\t\t<div class=\"elementor-element elementor-element-27d1f7d elementor-widget elementor-widget-html\" data-id=\"27d1f7d\" data-element_type=\"widget\" data-widget_type=\"html.default\">\n\t\t\t\t<div class=\"elementor-widget-container\">\n\t\t\t\t\t<style>\r\n    .transparencia-container { font-family: 'Segoe UI', Arial, sans-serif; background-color: #eee; padding: 25px; color: #333; }\r\n    \r\n    \/* Cuadro de Leyenda Superior *\/\r\n    .leyenda-box { \r\n        background: #fff; border-left: 4px solid #61121c; padding: 15px 20px; \r\n        margin-bottom: 30px; width: 85%; margin-left: auto; margin-right: auto;\r\n        box-shadow: 0 1px 3px rgba(0,0,0,0.1); line-height: 1.5; font-size: 14px;\r\n        text-align: justify\r\n    }\r\n\r\n    \/* Estilo de los encabezados (Acorde\u00f3n) *\/\r\n    .logo-header { \r\n        cursor: pointer; text-align: center; margin: 20px 0; \r\n        display: flex; flex-direction: column; align-items: center; gap: 5px;\r\n        transition: transform 0.2s;\r\n    }\r\n    .logo-header:hover { transform: scale(1.02); }\r\n    .logo-header img { width: 250px; height: auto; }\r\n    .logo-header span { font-size: 12px; font-weight: bold; color: #777; letter-spacing: 1px; }\r\n\r\n    \/* Contenido Expandible *\/\r\n.expandable-content { \r\n    display: none; \r\n    width: 100%; \/* Cambiado a 100% para que el margen de la tabla mande *\/\r\n    margin: 0 auto 30px auto; \r\n    text-align: center; \/* Ayuda a centrar elementos inline-block si fuera necesario *\/\r\n}\r\n\r\n\/* Tabla Trimestral *\/\r\n.table-transp {\r\n    width: 80%;\r\n    border-collapse: collapse;\r\n    background: #fff;\r\n    border: 1px solid #ccc;\r\n    margin: 0 auto; \/* Esto centra la tabla horizontalmente *\/\r\n    display: table; \/* Asegura que se comporte como tabla para el centrado *\/\r\n}\r\n    .table-transp th { \r\n        background-color: #6e0e00; color: #fff; padding: 12px; \r\n        font-size: 14px; border: 1px solid #ccc; font-weight: bold;\r\n    }\r\n    .table-transp td { border: 1px solid #ccc; text-align: center; vertical-align: middle; padding: 10px; }\r\n    \r\n    \/* Columna Ejercicio *\/\r\n    .col-ejercicio { background-color: #f2f2f2; font-size: 13px; width: 80px; font-weight: bold; }\r\n    \r\n    \/* Iconos de Excel *\/\r\n    .excel-cell { display: flex; justify-content: center; align-items: center; gap: 8px; }\r\n    .excel-cell img { width: 28px; transition: transform 0.2s; }\r\n    .excel-cell img:hover { transform: scale(1.1); }\r\n\r\n    \/* Mostrar la primera por defecto *\/\r\n    \/*#admin-f1 { display: block; }*\/\r\n<\/style>\r\n\r\n<div class=\"transparencia-container\">\r\n\r\n    <div class=\"leyenda-box\">\r\n        <b>Fracci\u00f3n I.<\/b>El marco normativo aplicable al sujeto obligado, en el que deber\u00e1 incluirse leyes, c\u00f3digos, reglamentos, decretos de creaci\u00f3n, manuales administrativos, reglas de operaci\u00f3n, criterios, pol\u00edticas, entre otros.<br>\r\n        <b>Periodo de Conservaci\u00f3n:<\/b> Informaci\u00f3n vigente.<br>\r\n        <b>Periodo de Actualizaci\u00f3n:<\/b> Trimestral.\r\n    <\/div>\r\n\r\n    <div class=\"logo-header\" onclick=\"toggleSection('admin-f1')\">\r\n        <img decoding=\"async\" src=\"http:\/\/www.comonfort.gob.mx\/sitio\/img\/logo-admin-centralizada-mas.png\" alt=\"ADMIN\">\r\n       \r\n    <\/div>\r\n    <div id=\"admin-f1\" class=\"expandable-content\">\r\n        <table class=\"table-transp\">\r\n            <thead>\r\n                <tr>\r\n                    <th>Ejercicio<\/th>\r\n                    <th>1er Trimestre<\/th>\r\n                    <th>2do Trimestre<\/th>\r\n                    <th>3er Trimestre<\/th>\r\n                    <th>4to Trimestre<\/th>\r\n                <\/tr>\r\n            <\/thead>\r\n            <tbody>\r\n                <tr>\r\n                    <td class=\"col-ejercicio\">2025<\/td>\r\n                    <td><div class=\"excel-cell\"><a  target=\"_blank\" href=\"https:\/\/docs.google.com\/spreadsheets\/d\/1guLLUwKUqSJarzeeXd-fvfwrKyVtSXvK\/edit?rtpof=true&sd=true&gid=573193540#gid=573193540\"><img decoding=\"async\" src=\"http:\/\/www.comonfort.gob.mx\/sitio\/img\/xls.png\"><\/a><\/div><\/td>\r\n                    <td><div class=\"excel-cell\"><a target=\"_blank\" href=\"https:\/\/docs.google.com\/spreadsheets\/d\/1guLLUwKUqSJarzeeXd-fvfwrKyVtSXvK\/edit?rtpof=true&sd=true&gid=573193540#gid=573193540\"><img decoding=\"async\" src=\"http:\/\/www.comonfort.gob.mx\/sitio\/img\/xls.png\"><\/a><\/div><\/td>\r\n                    <td>-<\/td>\r\n                    <td>-<\/td>\r\n                <\/tr>\r\n            <\/tbody>\r\n        <\/table>\r\n    <\/div>\r\n\r\n    <div class=\"logo-header\" onclick=\"toggleSection('dif-f1')\">\r\n        <img decoding=\"async\" src=\"http:\/\/www.comonfort.gob.mx\/sitio\/img\/logo-smdif-mas.png\" alt=\"DIF\">\r\n       \r\n    <\/div>\r\n    <div id=\"dif-f1\" class=\"expandable-content\">\r\n        <table class=\"table-transp\">\r\n            <thead>\r\n                <tr>\r\n                    <th>Ejercicio<\/th>\r\n                    <th>1er Trimestre<\/th>\r\n                    <th>2do Trimestre<\/th>\r\n                    <th>3er Trimestre<\/th>\r\n                    <th>4to Trimestre<\/th>\r\n                <\/tr>\r\n            <\/thead>\r\n            <tbody>\r\n                <tr>\r\n                    <td class=\"col-ejercicio\">2025<\/td>\r\n                    <td><div class=\"excel-cell\"><a target=\"_blank\" href=\"https:\/\/docs.google.com\/spreadsheets\/d\/1o6FR_3pttJmyqZAduxF6f3pg2G75RoBF\/edit?gid=804987180#gid=804987180\"><img decoding=\"async\" src=\"http:\/\/www.comonfort.gob.mx\/sitio\/img\/xls.png\"><\/a><\/div><\/td>\r\n                    <td><div class=\"excel-cell\"><a  target=\"_blank\"href=\"https:\/\/docs.google.com\/spreadsheets\/d\/1fZaW_kQCed-skpRyfHfptZ7-IwaV030N\/edit?gid=527910756#gid=527910756\"><img decoding=\"async\" src=\"http:\/\/www.comonfort.gob.mx\/sitio\/img\/xls.png\"><\/a><\/div><\/td>\r\n                    <td>-<\/td>\r\n                    <td>-<\/td>\r\n                <\/tr>\r\n            <\/tbody>\r\n        <\/table>\r\n    <\/div>\r\n\r\n    <div class=\"logo-header\" onclick=\"toggleSection('japac-f1')\">\r\n        <img decoding=\"async\" src=\"http:\/\/www.comonfort.gob.mx\/sitio\/img\/logo-japac-mas.png\" alt=\"JAPAC\">\r\n       \r\n    <\/div>\r\n    <div id=\"japac-f1\" class=\"expandable-content\">\r\n        <table class=\"table-transp\">\r\n            <thead>\r\n                <tr>\r\n                    <th>Ejercicio<\/th>\r\n                    <th>1er Trimestre<\/th>\r\n                    <th>2do Trimestre<\/th>\r\n                    <th>3er Trimestre<\/th>\r\n                    <th>4to Trimestre<\/th>\r\n                <\/tr>\r\n            <\/thead>\r\n            <tbody>\r\n                <tr>\r\n                    <td class=\"col-ejercicio\">2025<\/td>\r\n                    <td><div class=\"excel-cell\"><a target=\"_blank\" href=\"https:\/\/docs.google.com\/spreadsheets\/d\/1rF_uY1Sj-2ih75WC6fxx4dUxUoq2WvaW\/edit?gid=958915360#gid=958915360\"><img decoding=\"async\" src=\"http:\/\/www.comonfort.gob.mx\/sitio\/img\/xls.png\"><\/a><\/div><\/td>\r\n                    <td><div class=\"excel-cell\"><a target=\"_blank\" href=\"https:\/\/docs.google.com\/spreadsheets\/d\/14qRR-ysSJt2WaU8Mtii-eSw12yfxJ8A7\/edit?gid=1872981160#gid=1872981160\"><img decoding=\"async\" src=\"http:\/\/www.comonfort.gob.mx\/sitio\/img\/xls.png\"><\/a><\/div><\/td>\r\n                    <td>-<\/td>\r\n                    <td>-<\/td>\r\n                <\/tr>\r\n            <\/tbody>\r\n        <\/table>\r\n    <\/div>\r\n\r\n<\/div>\r\n\r\n<script>\r\n    function toggleSection(id) {\r\n        var x = document.getElementById(id);\r\n        \r\n        \/\/ Si el estilo est\u00e1 vac\u00edo o es 'none', lo ponemos en 'block'\r\n        if (x.style.display === \"none\" || x.style.display === \"\") {\r\n            x.style.display = \"block\";\r\n        } else {\r\n            x.style.display = \"none\";\r\n        }\r\n    }\r\n<\/script>\t\t\t\t<\/div>\n\t\t\t\t<\/div>\n\t\t\t\t\t<\/div>\n\t\t<\/div>\n\t\t\t\t\t<\/div>\n\t\t<\/section>\n\t\t\t\t<\/div>\n\t\t","protected":false},"excerpt":{"rendered":"<p>Leyes y Reglamentos aplicables en el municipio de Comonfort, Gto.<\/p>\n","protected":false},"author":1,"featured_media":0,"parent":6,"menu_order":0,"comment_status":"closed","ping_status":"closed","template":"","meta":{"saved_in_kubio":false,"_eb_attr":"","footnotes":""},"kubio_ai_page_context":{"short_desc":"","purpose":"general"},"yoast_head":"<!-- This site is optimized with the Yoast SEO plugin v24.3 - https:\/\/yoast.com\/wordpress\/plugins\/seo\/ -->\n<title>Fracci\u00f3n I Marco normativo aplicable -<\/title>\n<meta name=\"description\" content=\"El marco normativo aplicable al sujeto obligado, en el que deber\u00e1 incluirse leyes, c\u00f3digos, reglamentos, decretos de creaci\u00f3n, manuales administrativos, reglas de operaci\u00f3n, criterios, pol\u00edticas, entre otros\" \/>\n<meta name=\"robots\" content=\"index, follow, max-snippet:-1, max-image-preview:large, max-video-preview:-1\" \/>\n<link rel=\"canonical\" href=\"https:\/\/www.comonfort.gob.mx\/sitio\/transparencia\/fraccion1\/\" \/>\n<meta property=\"og:locale\" content=\"es_ES\" \/>\n<meta property=\"og:type\" content=\"article\" \/>\n<meta property=\"og:title\" content=\"Fracci\u00f3n I Marco normativo aplicable -\" \/>\n<meta property=\"og:description\" content=\"El marco normativo aplicable al sujeto obligado, en el que deber\u00e1 incluirse leyes, c\u00f3digos, reglamentos, decretos de creaci\u00f3n, manuales administrativos, reglas de operaci\u00f3n, criterios, pol\u00edticas, entre otros\" \/>\n<meta property=\"og:url\" content=\"https:\/\/www.comonfort.gob.mx\/sitio\/transparencia\/fraccion1\/\" \/>\n<meta property=\"article:publisher\" content=\"https:\/\/www.facebook.com\/Gobierno-de-Comonfort-2018-2021-771384679654142\/\" \/>\n<meta property=\"article:modified_time\" content=\"2026-02-26T16:30:12+00:00\" \/>\n<meta property=\"og:image\" content=\"http:\/\/www.comonfort.gob.mx\/sitio\/img\/logo-admin-centralizada-mas.png\" \/>\n<meta name=\"twitter:card\" content=\"summary_large_image\" \/>\n<meta name=\"twitter:site\" content=\"@GobComonfort\" \/>\n<meta name=\"twitter:label1\" content=\"Tiempo de lectura\" \/>\n\t<meta name=\"twitter:data1\" content=\"3 minutos\" \/>\n<script type=\"application\/ld+json\" class=\"yoast-schema-graph\">{\"@context\":\"https:\/\/schema.org\",\"@graph\":[{\"@type\":\"WebPage\",\"@id\":\"https:\/\/www.comonfort.gob.mx\/sitio\/transparencia\/fraccion1\/\",\"url\":\"https:\/\/www.comonfort.gob.mx\/sitio\/transparencia\/fraccion1\/\",\"name\":\"Fracci\u00f3n I Marco normativo aplicable -\",\"isPartOf\":{\"@id\":\"https:\/\/www.comonfort.gob.mx\/sitio\/#website\"},\"primaryImageOfPage\":{\"@id\":\"https:\/\/www.comonfort.gob.mx\/sitio\/transparencia\/fraccion1\/#primaryimage\"},\"image\":{\"@id\":\"https:\/\/www.comonfort.gob.mx\/sitio\/transparencia\/fraccion1\/#primaryimage\"},\"thumbnailUrl\":\"http:\/\/www.comonfort.gob.mx\/sitio\/img\/logo-admin-centralizada-mas.png\",\"datePublished\":\"2016-04-29T16:09:55+00:00\",\"dateModified\":\"2026-02-26T16:30:12+00:00\",\"description\":\"El marco normativo aplicable al sujeto obligado, en el que deber\u00e1 incluirse leyes, c\u00f3digos, reglamentos, decretos de creaci\u00f3n, manuales administrativos, reglas de operaci\u00f3n, criterios, pol\u00edticas, entre otros\",\"breadcrumb\":{\"@id\":\"https:\/\/www.comonfort.gob.mx\/sitio\/transparencia\/fraccion1\/#breadcrumb\"},\"inLanguage\":\"es\",\"potentialAction\":[{\"@type\":\"ReadAction\",\"target\":[\"https:\/\/www.comonfort.gob.mx\/sitio\/transparencia\/fraccion1\/\"]}]},{\"@type\":\"ImageObject\",\"inLanguage\":\"es\",\"@id\":\"https:\/\/www.comonfort.gob.mx\/sitio\/transparencia\/fraccion1\/#primaryimage\",\"url\":\"http:\/\/www.comonfort.gob.mx\/sitio\/img\/logo-admin-centralizada-mas.png\",\"contentUrl\":\"http:\/\/www.comonfort.gob.mx\/sitio\/img\/logo-admin-centralizada-mas.png\"},{\"@type\":\"BreadcrumbList\",\"@id\":\"https:\/\/www.comonfort.gob.mx\/sitio\/transparencia\/fraccion1\/#breadcrumb\",\"itemListElement\":[{\"@type\":\"ListItem\",\"position\":1,\"name\":\"Portada\",\"item\":\"https:\/\/www.comonfort.gob.mx\/sitio\/\"},{\"@type\":\"ListItem\",\"position\":2,\"name\":\"Transparencia\",\"item\":\"https:\/\/www.comonfort.gob.mx\/sitio\/transparencia\/\"},{\"@type\":\"ListItem\",\"position\":3,\"name\":\"Fracci\u00f3n I Marco normativo aplicable\"}]},{\"@type\":\"WebSite\",\"@id\":\"https:\/\/www.comonfort.gob.mx\/sitio\/#website\",\"url\":\"https:\/\/www.comonfort.gob.mx\/sitio\/\",\"name\":\"Presidencia Municipal de Comonfort, Gto.\",\"description\":\"\",\"publisher\":{\"@id\":\"https:\/\/www.comonfort.gob.mx\/sitio\/#organization\"},\"potentialAction\":[{\"@type\":\"SearchAction\",\"target\":{\"@type\":\"EntryPoint\",\"urlTemplate\":\"https:\/\/www.comonfort.gob.mx\/sitio\/?s={search_term_string}\"},\"query-input\":{\"@type\":\"PropertyValueSpecification\",\"valueRequired\":true,\"valueName\":\"search_term_string\"}}],\"inLanguage\":\"es\"},{\"@type\":\"Organization\",\"@id\":\"https:\/\/www.comonfort.gob.mx\/sitio\/#organization\",\"name\":\"Presidencia Municipal de Comonfort, Gto.\",\"url\":\"https:\/\/www.comonfort.gob.mx\/sitio\/\",\"logo\":{\"@type\":\"ImageObject\",\"inLanguage\":\"es\",\"@id\":\"https:\/\/www.comonfort.gob.mx\/sitio\/#\/schema\/logo\/image\/\",\"url\":\"https:\/\/www.comonfort.gob.mx\/sitio\/wp-content\/uploads\/2020\/11\/logo-comonfort-c.png\",\"contentUrl\":\"https:\/\/www.comonfort.gob.mx\/sitio\/wp-content\/uploads\/2020\/11\/logo-comonfort-c.png\",\"width\":326,\"height\":348,\"caption\":\"Presidencia Municipal de Comonfort, Gto.\"},\"image\":{\"@id\":\"https:\/\/www.comonfort.gob.mx\/sitio\/#\/schema\/logo\/image\/\"},\"sameAs\":[\"https:\/\/www.facebook.com\/Gobierno-de-Comonfort-2018-2021-771384679654142\/\",\"https:\/\/x.com\/GobComonfort\",\"https:\/\/www.instagram.com\/gobiernocomonfort_oficial\/\",\"https:\/\/www.linkedin.com\/in\/gobierno-de-comonfort-380b251aa\"]}]}<\/script>\n<!-- \/ Yoast SEO plugin. -->","yoast_head_json":{"title":"Fracci\u00f3n I Marco normativo aplicable -","description":"El marco normativo aplicable al sujeto obligado, en el que deber\u00e1 incluirse leyes, c\u00f3digos, reglamentos, decretos de creaci\u00f3n, manuales administrativos, reglas de operaci\u00f3n, criterios, pol\u00edticas, entre otros","robots":{"index":"index","follow":"follow","max-snippet":"max-snippet:-1","max-image-preview":"max-image-preview:large","max-video-preview":"max-video-preview:-1"},"canonical":"https:\/\/www.comonfort.gob.mx\/sitio\/transparencia\/fraccion1\/","og_locale":"es_ES","og_type":"article","og_title":"Fracci\u00f3n I Marco normativo aplicable -","og_description":"El marco normativo aplicable al sujeto obligado, en el que deber\u00e1 incluirse leyes, c\u00f3digos, reglamentos, decretos de creaci\u00f3n, manuales administrativos, reglas de operaci\u00f3n, criterios, pol\u00edticas, entre otros","og_url":"https:\/\/www.comonfort.gob.mx\/sitio\/transparencia\/fraccion1\/","article_publisher":"https:\/\/www.facebook.com\/Gobierno-de-Comonfort-2018-2021-771384679654142\/","article_modified_time":"2026-02-26T16:30:12+00:00","og_image":[{"url":"http:\/\/www.comonfort.gob.mx\/sitio\/img\/logo-admin-centralizada-mas.png","type":"","width":"","height":""}],"twitter_card":"summary_large_image","twitter_site":"@GobComonfort","twitter_misc":{"Tiempo de lectura":"3 minutos"},"schema":{"@context":"https:\/\/schema.org","@graph":[{"@type":"WebPage","@id":"https:\/\/www.comonfort.gob.mx\/sitio\/transparencia\/fraccion1\/","url":"https:\/\/www.comonfort.gob.mx\/sitio\/transparencia\/fraccion1\/","name":"Fracci\u00f3n I Marco normativo aplicable -","isPartOf":{"@id":"https:\/\/www.comonfort.gob.mx\/sitio\/#website"},"primaryImageOfPage":{"@id":"https:\/\/www.comonfort.gob.mx\/sitio\/transparencia\/fraccion1\/#primaryimage"},"image":{"@id":"https:\/\/www.comonfort.gob.mx\/sitio\/transparencia\/fraccion1\/#primaryimage"},"thumbnailUrl":"http:\/\/www.comonfort.gob.mx\/sitio\/img\/logo-admin-centralizada-mas.png","datePublished":"2016-04-29T16:09:55+00:00","dateModified":"2026-02-26T16:30:12+00:00","description":"El marco normativo aplicable al sujeto obligado, en el que deber\u00e1 incluirse leyes, c\u00f3digos, reglamentos, decretos de creaci\u00f3n, manuales administrativos, reglas de operaci\u00f3n, criterios, pol\u00edticas, entre otros","breadcrumb":{"@id":"https:\/\/www.comonfort.gob.mx\/sitio\/transparencia\/fraccion1\/#breadcrumb"},"inLanguage":"es","potentialAction":[{"@type":"ReadAction","target":["https:\/\/www.comonfort.gob.mx\/sitio\/transparencia\/fraccion1\/"]}]},{"@type":"ImageObject","inLanguage":"es","@id":"https:\/\/www.comonfort.gob.mx\/sitio\/transparencia\/fraccion1\/#primaryimage","url":"http:\/\/www.comonfort.gob.mx\/sitio\/img\/logo-admin-centralizada-mas.png","contentUrl":"http:\/\/www.comonfort.gob.mx\/sitio\/img\/logo-admin-centralizada-mas.png"},{"@type":"BreadcrumbList","@id":"https:\/\/www.comonfort.gob.mx\/sitio\/transparencia\/fraccion1\/#breadcrumb","itemListElement":[{"@type":"ListItem","position":1,"name":"Portada","item":"https:\/\/www.comonfort.gob.mx\/sitio\/"},{"@type":"ListItem","position":2,"name":"Transparencia","item":"https:\/\/www.comonfort.gob.mx\/sitio\/transparencia\/"},{"@type":"ListItem","position":3,"name":"Fracci\u00f3n I Marco normativo aplicable"}]},{"@type":"WebSite","@id":"https:\/\/www.comonfort.gob.mx\/sitio\/#website","url":"https:\/\/www.comonfort.gob.mx\/sitio\/","name":"Presidencia Municipal de Comonfort, Gto.","description":"","publisher":{"@id":"https:\/\/www.comonfort.gob.mx\/sitio\/#organization"},"potentialAction":[{"@type":"SearchAction","target":{"@type":"EntryPoint","urlTemplate":"https:\/\/www.comonfort.gob.mx\/sitio\/?s={search_term_string}"},"query-input":{"@type":"PropertyValueSpecification","valueRequired":true,"valueName":"search_term_string"}}],"inLanguage":"es"},{"@type":"Organization","@id":"https:\/\/www.comonfort.gob.mx\/sitio\/#organization","name":"Presidencia Municipal de Comonfort, Gto.","url":"https:\/\/www.comonfort.gob.mx\/sitio\/","logo":{"@type":"ImageObject","inLanguage":"es","@id":"https:\/\/www.comonfort.gob.mx\/sitio\/#\/schema\/logo\/image\/","url":"https:\/\/www.comonfort.gob.mx\/sitio\/wp-content\/uploads\/2020\/11\/logo-comonfort-c.png","contentUrl":"https:\/\/www.comonfort.gob.mx\/sitio\/wp-content\/uploads\/2020\/11\/logo-comonfort-c.png","width":326,"height":348,"caption":"Presidencia Municipal de Comonfort, Gto."},"image":{"@id":"https:\/\/www.comonfort.gob.mx\/sitio\/#\/schema\/logo\/image\/"},"sameAs":["https:\/\/www.facebook.com\/Gobierno-de-Comonfort-2018-2021-771384679654142\/","https:\/\/x.com\/GobComonfort","https:\/\/www.instagram.com\/gobiernocomonfort_oficial\/","https:\/\/www.linkedin.com\/in\/gobierno-de-comonfort-380b251aa"]}]}},"_links":{"self":[{"href":"https:\/\/www.comonfort.gob.mx\/sitio\/wp-json\/wp\/v2\/pages\/1296"}],"collection":[{"href":"https:\/\/www.comonfort.gob.mx\/sitio\/wp-json\/wp\/v2\/pages"}],"about":[{"href":"https:\/\/www.comonfort.gob.mx\/sitio\/wp-json\/wp\/v2\/types\/page"}],"author":[{"embeddable":true,"href":"https:\/\/www.comonfort.gob.mx\/sitio\/wp-json\/wp\/v2\/users\/1"}],"replies":[{"embeddable":true,"href":"https:\/\/www.comonfort.gob.mx\/sitio\/wp-json\/wp\/v2\/comments?post=1296"}],"version-history":[{"count":95,"href":"https:\/\/www.comonfort.gob.mx\/sitio\/wp-json\/wp\/v2\/pages\/1296\/revisions"}],"predecessor-version":[{"id":24606,"href":"https:\/\/www.comonfort.gob.mx\/sitio\/wp-json\/wp\/v2\/pages\/1296\/revisions\/24606"}],"up":[{"embeddable":true,"href":"https:\/\/www.comonfort.gob.mx\/sitio\/wp-json\/wp\/v2\/pages\/6"}],"wp:attachment":[{"href":"https:\/\/www.comonfort.gob.mx\/sitio\/wp-json\/wp\/v2\/media?parent=1296"}],"curies":[{"name":"wp","href":"https:\/\/api.w.org\/{rel}","templated":true}]}}